 3, what is 10110 + -1120012?
-1102202
In base 6, what is 132 + 4500?
5032
In base 4, what is -130 - 11131?
-11321
In base 3, what is 1002021 + 1110201?
2112222
In base 11, what is -33 - -513?
490
In base 5, what is 240130 + -12?
240113
In base 4, what is -3 - 203321301?
-203321310
In base 16, what is 280 + 28d4?
2b54
In base 16, what is -ddb72 - -1?
-ddb71
In base 14, what is -1521 - -2d2?
-122d
In base 16, what is 13 + 2215?
2228
In base 8, what is -1206 - -11072?
7664
In base 6, what is 153234 - 0?
153234
In base 5, what is 241 - 20110?
-14314
In base 10, what is 520 - -37?
557
In base 16, what is -3 - -7624?
7621
In base 15, what is 3 + -a1caa?
-a1ca7
In base 7, what is -22 + 101125?
101103
In base 3, what is 1 + -201101012?
-201101011
In base 4, what is 12302120 - -20?
12302200
In base 7, what is 43050 + -5?
43042
In base 7, what is 203 - 403?
-200
In base 12, what is 688a86 + -2?
688a84
In base 15, what is -3 + b07a?
b077
In base 5, what is 1304 - 1044?
210
In base 4, what is 13 - 13002313?
-13002300
In base 10, what is -1 + -848?
-849
In base 8, what is 45577 - 137?
45440
In base 15, what is -19 - 505c?
-5076
In base 13, what is -21603 + -21?
-21624
In base 16, what is -27c62 + -6?
-27c68
In base 7, what is -11456064 - -4?
-11456060
In base 10, what is 886 - -24?
910
In base 11, what is 0 + -21457a?
-21457a
In base 10, what is -69 - 1912?
-1981
In base 15, what is -3 - -b?
8
In base 3, what is 102012011 + 1?
102012012
In base 4, what is 11230 + -310130?
-232300
In base 12, what is a9 + 798?
885
In base 15, what is -2ce3 - -24?
-2cbe
In base 5, what is -31002430 + -4?
-31002434
In base 8, what is -10 - 317631?
-317641
In base 7, what is -424 - 1241?
-1665
In base 3, what is 211201 - 1101?
210100
In base 16, what is 1d3df - 8?
1d3d7
In base 15, what is -2 - -cc01?
cbee
In base 8, what is -107740 - -31?
-107707
In base 12, what is -3a9a7 - -2?
-3a9a5
In base 14, what is 118 - -32d?
447
In base 3, what is 1010200 + -220201?
12222
In base 6, what is 24521110 + -10?
24521100
In base 16, what is -8a5 - 1?
-8a6
In base 4, what is -300230 - -103220?
-131010
In base 14, what is 4054 - -1?
4055
In base 9, what is 215172 + 5?
215177
In base 9, what is -18650 + 22?
-18627
In base 13, what is 794 - a9a?
-306
In base 13, what is -1 - -10ca5?
10ca4
In base 16, what is 1bd1 + 81?
1c52
In base 11, what is 1072a + 7?
10736
In base 15, what is -1c - 33c?
-359
In base 7, what is -1604353 - -2?
-1604351
In base 6, what is -44 - -5113?
5025
In base 7, what is 4 - 1052416?
-1052412
In base 10, what is -119675 - 1?
-119676
In base 2, what is 11 - -11010010000010?
11010010000101
In base 10, what is -7 + 3233?
3226
In base 8, what is 1 + -2536470?
-2536467
In base 15, what is -3 - 3790?
-3793
In base 5, what is -1121 - 12223?
-13344
In base 12, what is 4 + 20434?
20438
In base 5, what is 10403431 - 4?
10403422
In base 9, what is 22505 - 47?
22447
In base 3, what is -1110 - -1220202?
1212022
In base 8, what is -63412 + 23?
-63367
In base 7, what is 5 + -1046004?
-1045666
In base 5, what is 414234 - -204?
414443
In base 5, what is 2 + -10034022?
-10034020
In base 14, what is -3 + 12bd4?
12bd1
In base 12, what is -19 + 1027?
100a
In base 6, what is 4514 - 220?
4254
In base 14, what is 8 - dda?
-dd2
In base 10, what is -1249 - -145?
-1104
In base 8, what is -451154 - -5?
-451147
In base 8, what is -10 - 343567?
-343577
In base 14, what is 9968 - 2d?
9939
In base 8, what is -1 + -145754?
-145755
In base 16, what is 117 + 235?
34c
In base 5, what is 0 + -30234141?
-30234141
In base 4, what is 3121002 - 121?
3120221
In base 3, what is 1111 + -1221?
-110
In base 9, what is -4 + -65872?
-65876
In base 9, what is 3787 + -71?
3716
In base 12, what is 641b8a - 2?
641b88
In base 8, what is -127 + -1572?
-1721
In base 12, what is -4 - -1038a?
10386
In base 8, what is 44 + -516?
-452
In base 4, what is -3033320103 + 13?
-3033320030
In base 16, what is 4d19 - -2?
4d1b
In base 13, what is -a9 + 43?
-66
In base 8, what is 5757012 - 1?
5757011
In base 12, what is 6 - -86b?
875
In base 3, what is -22012221102 + -1?
-22012221110
In base 13, what is 48 - -329c?
3317
In base 16, what is -41b + -77?
-492
In base 14, what is 9c1 + -33?
98c
In base 9, what is 176 + 204?
381
In base 13, what is 736 + -118?
61b
In base 11, what is -107 + -365?
-471
In base 9, what is 1336141 - 0?
1336141
In base 8, what is 2 + -2277?
-2275
In base 12, what is 5 - -2561b?
25624
In base 14, what is 5 + 5431?
5436
In base 15, what is 1 + 9416?
9417
In base 14, what is 48c - -3b?
4c9
In base 9, what is -1418 + -63?
-1482
In base 7, what is -230 - -114?
-113
In base 8, what is 723 - -140?
1063
In base 12, what is 3 + b9a2b?
b9a32
In base 6, what is 3 + -2452?
-2445
In base 12, what is -46 + 2b?
-17
In base 2, what is -1100 - 10111110000010101?
-10111110000100001
In base 5, what is 2112443 - -330?
2113323
In base 8, what is 374 - -2144?
2540
In base 12, what is 6 - -145928?
145932
In base 8, what is -53 - -11237?
11164
In base 14, what is 0 + -5d72?
-5d72
In base 16, what is 18 + -b2a?
-b12
In base 2, what is 1100 - -1000001011001?
1000001100101
In base 6, what is 50510 + 41?
50551
In base 13, what is -24b5 - -11?
-24a4
In base 6, what is 14 + -5310052?
-5310034
In base 4, what is -12 - -2122021?
2122003
In base 15, what is -3593b + 3?
-35938
In base 15, what is 538 - 7a?
4ad
In base 2, what is -1 - 101110110011000111?
-101110110011001000
In base 5, what is 4 - -1044023?
1044032
In base 2, what is -1010010000 - 1011?
-1010011011
In base 14, what is -19 + 80bd?
80a4
In base 14, what is 653 + 35?
688
In base 11, what is 631 - -262?
893
In base 15, what is 15a8c + -5?
15a87
In base 4, what is 113003333 - 10?
113003323
In base 14, what is -a50b - 1?
-a50c
In base 14, what is 76 - 63a?
-5a4
In base 7, what is -5 + 20655?
20650
In base 5, what is 2141 - 12103?
-4412
In base 4, what is -2 + -12313103?
-12313111
In base 8, what is -571 + -16?
-607
In base 16, what is -736c - -3?
-7369
In base 3, what is 12 - 2110000022?
-2110000010
In base 10, what is 2 + -1163125?
-1163123
In base 7, what is 2 + 232611?
232613
In base 13, what is -3 - -659ab?
659a8
In base 15, what is -6d - 359?
-3c7
In base 15, what is -55 + -28e?
-2e4
In base 10, what is 246 + -130?
116
In base 2, what is 1000111010111100011010 - -10?
1000111010111100011100
In base 8, what is -36 + -560751?
-561007
In base 13, what is c22 + -407?
818
In base 5, what is 343043 + 103?
343201
In base 9, what is -4173448 + -3?
-4173452
In base 10, what is 1 + -14406?
-14405
In base 7, what is -4346 - -20?
-4326
In base 5, what is -104303002 - -4?
-104302443
In base 7, what is 2055503 + 2?
2055505
In base 10, what is 579 + -62?
517
In base 8, what is -15 + 753?
736
In base 4, what is -2232 - -3010312?
3002020
In base 6, what is -402204 - -3?
-402201
In base 16, what is 1d4c + 239?
1f85
In base 9, what is -1603540 - 0?
-1603540
In base 9, what is -17725 - 77?
-17813
In base 8, what is -1461 + 16?
-1443
In base 16, what is -2 - 21bc8?
-21bca
In base 13, what is -443c + 6?
-4436
In base 15, what is -5baaa + -3?
-5baad
In base 5, what is -1120040300 + 1?
-1120040244
In base 9, what is 5 + 542001?
542006
In base 6, what is -42211335 + -2?
-42211341
In base 3, what is -1202 - -220212122?
220210220
In base 9, what is -8 + -8010?
-8018
In base 11, what is 10aa - -135?
1234
In base 12, what is -1738a + -8a?
-17458
In base 5, what is 3 + -202443334?
-202443331
In base 13, what is 8cc1 - -1?
8cc2
In base 7, what is -240 + 1554?
1314
In base 4, what is 3223021300 + 11?
3223021311
In base 2, what is 111 + -1110001110001011?
-1110001110000100
In base 12, what is -54 + -184?
-218
In base 14, what is -69795 + 3?
-69792
In base 3, what is 1012020 - -20200?
1102220
In base 7, what is -1103 + 31?
-1042
In base 13, what is 10 + -4839?
-4829
In base 8, what is -3630 - -4043?
213
In base 2, what is 1001111101 - 10010011?
111101010
In base 10, what is 6 + 90629?
90635
In base 10, what is 125162 + 2?
125164
In base 14, what is -d0 - -77?
-57
In base 14, what is 4 + 6240?
6244
In base 8, what is 4 + 10631?
10635
In base 2, what is 11101001011100010001 + -101?
11101001011100001100
In base 7, what is 2350 - -15056?
20436
In base 16, what is 19e + 5?
1a3
In base 2, what is 1110011010111000 + 101